er when 6143354 is divided by 1023810?
494
Calculate the remainder when 7043693 is divided by 44.
41
What is the remainder when 635389 is divided by 45384?
13
Calculate the remainder when 3587996 is divided by 48.
44
What is the remainder when 230182 is divided by 14339?
758
Calculate the remainder when 92627 is divided by 1344.
1235
Calculate the remainder when 10169442 is divided by 363.
360
What is the remainder when 1731387 is divided by 4757?
4596
Calculate the remainder when 1512695 is divided by 49.
16
Calculate the remainder when 235821 is divided by 1062.
57
What is the remainder when 14793951 is divided by 16?
15
Calculate the remainder when 9139182 is divided by 15.
12
What is the remainder when 6223881 is divided by 770?
741
Calculate the remainder when 27478 is divided by 3435.
3433
What is the remainder when 4301169 is divided by 122890?
19
What is the remainder when 1721444 is divided by 4874?
922
Calculate the remainder when 40920470 is divided by 1522.
1500
Calculate the remainder when 23476805 is divided by 34.
9
Calculate the remainder when 1042391 is divided by 104.
103
What is the remainder when 37016226 is divided by 14?
2
What is the remainder when 494294 is divided by 1687?
3
Calculate the remainder when 1539791 is divided by 1070.
61
What is the remainder when 102502949 is divided by 108?
41
Calculate the remainder when 299907 is divided by 18.
9
What is the remainder when 2412486 is divided by 804151?
33
What is the remainder when 226003 is divided by 225998?
5
What is the remainder when 713490272 is divided by 10225?
10222
Calculate the remainder when 6579379 is divided by 2193126.
1
Calculate the remainder when 3427868 is divided by 5424.
5324
Calculate the remainder when 63043714 is divided by 198876.
22
What is the remainder when 7987992 is divided by 1084?
1080
What is the remainder when 113655294 is divided by 1112?
1110
What is the remainder when 325076 is divided by 322?
178
What is the remainder when 10696296 is divided by 8668?
8652
Calculate the remainder when 195417 is divided by 97054.
1309
What is the remainder when 296947527 is divided by 11?
8
What is the remainder when 134984 is divided by 7927?
225
What is the remainder when 4647054 is divided by 74?
2
What is the remainder when 98266 is divided by 98259?
7
Calculate the remainder when 203688736 is divided by 82.
80
Calculate the remainder when 114549382 is divided by 92.
90
What is the remainder when 42848532 is divided by 2399?
2392
What is the remainder when 24247524 is divided by 344?
340
What is the remainder when 2380460 is divided by 14?
12
Calculate the remainder when 368597566 is divided by 228.
226
Calculate the remainder when 33494072 is divided by 33494061.
11
Calculate the remainder when 249395 is divided by 1302.
713
What is the remainder when 218706 is divided by 2278?
18
Calculate the remainder when 201596 is divided by 100285.
1026
What is the remainder when 28352 is divided by 1899?
1766
What is the remainder when 23176260 is divided by 1285?
0
Calculate the remainder when 111437180 is divided by 384.
380
What is the remainder when 49511 is divided by 4328?
1903
What is the remainder when 4868524 is divided by 1622790?
154
What is the remainder when 85146 is divided by 1775?
1721
Calculate the remainder when 91066 is divided by 44161.
2744
What is the remainder when 324352419 is divided by 10?
9
What is the remainder when 176893 is divided by 35376?
13
Calculate the remainder when 73666 is divided by 1127.
411
What is the remainder when 590814 is divided by 400?
14
Calculate the remainder when 4265911 is divided by 476.
475
What is the remainder when 4889344 is divided by 125?
94
What is the remainder when 76350238 is divided by 4440?
4438
What is the remainder when 42495 is divided by 2745?
1320
Calculate the remainder when 84906 is divided by 73.
7
Calculate the remainder when 780682 is divided by 1552.
26
Calculate the remainder when 2576011 is divided by 85.
1
What is the remainder when 30306 is divided by 1089?
903
What is the remainder when 35897 is divided by 2108?
61
What is the remainder when 962448 is divided by 240?
48
Calculate the remainder when 1203250 is divided by 46269.
256
Calculate the remainder when 6968262 is divided by 1127.
21
What is the remainder when 422736019 is divided by 2732?
2731
What is the remainder when 3772771 is divided by 253?
35
What is the remainder when 1810144 is divided by 10493?
5348
What is the remainder when 1245140 is divided by 415022?
74
Calculate the remainder when 411575 is divided by 407482.
4093
What is the remainder when 3733434 is divided by 287161?
341
Calculate the remainder when 1473721 is divided by 1724.
1425
Calculate the remainder when 2095731 is divided by 171.
126
Calculate the remainder when 60301008 is divided by 93.
87
Calculate the remainder when 3659719 is divided by 46.
5
Calculate the remainder when 515194 is divided by 1111.
801
Calculate the remainder when 47494 is divided by 762.
250
What is the remainder when 105645 is divided by 5055?
4545
Calculate the remainder when 29612854 is divided by 1014.
1012
What is the remainder when 35736625 is divided by 7032?
1
What is the remainder when 214398 is divided by 40?
38
What is the remainder when 1411596 is divided by 48?
12
Calculate the remainder when 11451113 is divided by 25.
13
What is the remainder when 153434 is divided by 76238?
958
Calculate the remainder when 982654 is divided by 15590.
484
Calculate the remainder when 117869 is divided by 9050.
219
What is the remainder when 44204927 is divided by 255?
167
Calculate the remainder when 74297047 is divided by 9.
4
What is the remainder when 1119329 is divided by 16?
1
Calculate the remainder when 33517 is divided by 23282.
10235
Calculate the remainder when 7683099 is divided by 548792.
11
Calculate the remainder when 6516396 is divided by 440.
436
What is the remainder when 10345856 is divided by 9967?
110
What is the remainder when 11303 is divided by 5213?
877
What is the remainder when 117872 is divided by 141?
137
Calculate the remainder when 27989692 is divided by 1999263.
10
What is the remainder when 1978074 is divided by 70?
14
Calculate the remainder when 81954 is divided by 1386.
180
Calculate the remainder when 73837849 is divided by 6006.
85
What is the remainder when 18195 is divided by 269?
172
Calculate the remainder when 11239785 is divided by 578.
575
Calculate the remainder when 47695578 is divided by 9.
6
Calculate the remainder when 168047 is divided by 1344.
47
Calculate the remainder when 25223 is divided by 3454.
1045
What is the remainder when 5845199 is divided by 600?
599
Calculate the remainder when 415264 is divided by 20.
4
Calculate the remainder when 1570460 is divided by 684.
680
Calculate the remainder when 80027134 is divided by 64486.
8
What is the remainder when 53035 is divided by 4463?
3942
What is the remainder when 9086749 is divided by 1134?
7
Calculate the remainder when 18399527 is divided by 2408.
2407
Calculate the remainder when 49083 is divided by 204.
123
What is the remainder when 227871611 is divided by 75957201?
8
Calculate the remainder when 6439703 is divided by 71.
3
What is the remainder when 6765562 is divided by 512?
506
Calculate the remainder when 5932410 is divided by 621.
618
What is the remainder when 7301641 is divided by 1255?
51
What is the remainder when 1283255 is divided by 12450?
905
Calculate the remainder when 87379 is divided by 1556.
243
What is the remainder when 323002 is divided by 322994?
8
Calculate the remainder when 75276382 is divided by 15.
7
What is the remainder when 135646 is divided by 80?
46
What is the remainder when 14360953 is divided by 208?
9
Calculate the remainder when 9612192 is divided by 59701.
331
Calculate the remainder when 10836584 is divided by 651.
38
Calculate the remainder when 1119195 is divided by 373063.
6
Calculate the remainder when 7833005 is divided by 1958229.
89
What is the remainder when 9711643 is divided by 6553?
97
Calculate the remainder when 19386 is divided by 6381.
243
Calculate the remainder when 116196 is divided by 7169.
1492
Calculate the remainder when 1102551 is divided by 4196.
3199
What is the remainder when 12534216 is divi